 Calculate a(z).
-2
Let i(b) = b - 83. Let n(w) = -2*w + 175. Let c(h) = -13*i(h) - 6*n(h). Give c(17).
12
Let t(p) be the first derivative of -p**4/4 + 8*p**3/3 - p**2 + 17*p - 145. What is t(8)?
1
Let b(s) be the second derivative of 12*s + 0 + 5/6*s**3 - 5/2*s**2 + 1/12*s**4. Determine b(-6).
1
Let q(w) = -w**2 + 5*w + 2. Let m(o) = -2*o - 6. Let c be m(-5). Suppose 0 = 5*k - 4*l - 21, 4*l - c = -0*l. Determine q(k).
2
Suppose 5*c - c + 5 = i, i + 3*c = 5. Suppose -u = 2*u, 0 = -f + i*u + 3. Let g(l) be the third derivative of -l**4/8 + l**3/2 - 5*l**2. Calculate g(f).
-6
Let k(q) = -q**3 + 4*q**2 - q + 4. Let r(j) = 3*j - 92. Let c be r(32). Give k(c).
0
Let m be 12/24 + (-10)/(-4). Suppose 0*r = 2*r + 5*a - 28, m*a - 24 = -3*r. Let z(h) = h**3 - 3*h**2 - 5*h - 2. Determine z(r).
-6
Let i be (-5 + 28/6)/((-2)/(-24)). Let s(f) = -f**2 + 12. What is s(i)?
-4
Let d(p) = -p - 10. Suppose 13*b - 21*b - 40 = 0. Calculate d(b).
-5
Suppose 2*z + 4 + 8 = 0. Let g(y) be the third derivative of -y**6/120 - y**5/12 + y**4/12 - 7*y**3/6 + 285*y**2. Give g(z).
17
Suppose -2*j - 137 = 5*o - 32, -3*o - 2*j = 67. Let i = 3 - 17. Let u = o - i. Let x(h) = 2*h**2 + 7*h - 2. Give x(u).
13
Suppose 4*w + 0*m = -3*m + 535, w - 140 = -2*m. Let d(g) = -w + 69 - 2*g + 62 + g**2. What is d(1)?
0
Suppose 2*q - 18 = p, 3*q + 3*p + 3 = 21. Suppose 0 = q*y - 5*y + 21. Let x(i) = -3*i - 46. Let d(j) = j + 15. Let u(m) = y*d(m) - 2*x(m). Calculate u(-7).
-6
Let v be 3 + 1 + (-2)/1. Let h = 2 - 1. Let j(x) = 0*x**2 - 6 - 6*x**v + x**3 + h. Calculate j(6).
-5
Let k(m) = -4*m**3 + 28*m**2 + 3*m - 15. Let g be k(7). Let r(s) = -s + 8. What is r(g)?
2
Let w(s) = -s**2 - 19*s + 23. Let g be w(-19). Let q = -14 + g. Let r(j) = j**3 - 10*j**2 + 9*j - 12. What is r(q)?
-12
Let f be (-6 - -9)/((-4)/(208/(-12))). Suppose -11*c + 90 = f. Let w(j) = j + 2. Determine w(c).
9
Let z(u) = -95 + 37 + 93 - u**2 - 3*u. Give z(-8).
-5
Let z(p) be the third derivative of 5*p**4/12 + p**2. Let s(v) = -2*v + 5. Let u be s(6). Let w(f) = f + 6. Let j be w(u). Give z(j).
-10
Let p = 864 + -874. Let o(h) = 2*h - 9. Calculate o(p).
-29
Let b(r) be the first derivative of r**7/840 + r**6/360 + r**5/120 + r**4/8 - 2*r**3/3 + 9. Let g(w) be the third derivative of b(w). What is g(0)?
3
Let a(m) = m - 2. Suppose -2*p = 4*p + 6*p. Determine a(p).
-2
Let s(j) be the second derivative of j**5/20 + 5*j**4/12 - 5*j**3/6 + j**2/2 + 6*j + 4. Calculate s(-6).
-5
Let t = 0 - 2. Let a = -5 + t. Let y = 11 + a. Let s(w) = -4*w + 4. Calculate s(y).
-12
Let q(n) be the first derivative of n**3/3 - 2*n**2 + 2*n - 277. What is q(7)?
23
Let m(p) = -50*p + 13. Let k(w) = -14*w - 1. Let o(v) = -3*k(v) + m(v). Calculate o(8).
-48
Suppose 8 - 4 = 2*b. Let m(c) = 800*c**2 - 8 - c - b*c**3 + 3*c**3 - 791*c**2. Calculate m(-9).
1
Let s be (-3 - -21)*(-1)/(-3). Suppose -o - s + 14 = 0. Let h(r) = -r**2 + 7*r + 2. Determine h(o).
-6
Let f(j) be the second derivative of -j**3/3 - 40*j. Suppose -5*x = -5*h, 0 = 2*h - 5*x + 2 - 14. Let w be ((-6)/3)/(h - -2). What is f(w)?
-2
Suppose 0 = -3*i + 12 + 12. Suppose -2*v - 11 + 1 = 4*c, 0 = -3*c - 4*v - 20. Suppose c = 3*x + x + i. Let l(m) = -m**3 - m**2 + m + 1. Determine l(x).
3
Let z(t) = -t**3 + 5*t**2 + 8*t + 1. Suppose 235*n + 6 = 236*n. Determine z(n).
13
Let a(n) = 4*n + 1. Let g be (4/(-2))/(-2)*-6. Let u be 24/(-32)*8/g. Calculate a(u).
5
Let d(i) = -i**2 - 2*i + 4. Suppose 34*j - 44*j - 60 = 0. Determine d(j).
-20
Let w(d) = -6*d + d - d**2 + 3*d + 1. Let z(x) be the second derivative of -x**5/20 + 7*x**4/12 - x**3/6 + 2*x**2 + 2*x. Let i be z(7). What is w(i)?
-2
Let t = 617 + -417. Let c(k) = -t*k - 6 + 198*k + k**2 + 3*k**2 + k**3. Give c(-4).
2
Let j(p) = p**3 + 7*p**2 - 3*p + 4. Let d(x) = -67*x - 342. Let m be d(-5). Calculate j(m).
25
Suppose -d - 1 = 3*m + 3, 5 = 4*d + 5*m. Let k(r) = -4 + 3*r**3 - 4*r**2 - 5*r - 4*r**3 + 2*r**3. Give k(d).
-4
Let h(i) be the third derivative of -i**5/60 + i**4/3 - i**3 + 8*i**2. Let j(y) be the first derivative of h(y). Give j(7).
-6
Let p(y) = y - 12. Let t = -792 + 808. Give p(t).
4
Suppose j - 77 = -f - 87, 5*j + 3*f + 50 = 0. Let n(k) = -k - 17. Determine n(j).
-7
Let k(j) = j - 3. Let i(z) = -3*z**3 + 13*z**2 - 17*z - 11. Let q(c) = -c**3 + 7*c**2 - 9*c - 5. Let t(b) = -2*i(b) + 5*q(b). Let x be t(-10). Give k(x).
4
Let o(t) be the second derivative of -t**5/20 + t**4/4 - t**3/6 - t**2/2 - t - 9. Determine o(2).
1
Suppose s = 8*s - 35. Let u(n) = -4*n - 5. Determine u(s).
-25
Suppose 4*r = r. Suppose 2*f + 4*z + 4 = -0*f, -f + z + 7 = r. Suppose -36 = -2*v - f*v. Let d(l) = l**2 - 8*l + 4. What is d(v)?
-8
Let y(a) be the second derivative of a**3 - 9*a**2/2 - 8*a. Let d(u) = -5*u + 8. Let n(s) = 4*d(s) + 3*y(s). Let o be n(3). Let g(h) = 3*h - 1. Calculate g(o).
-4
Let t(i) be the first derivative of 1 + 3*i - 1/2*i**2. Let d be 27/6 + 1/(-1 - 1). Determine t(d).
-1
Let q(u) = u**3 - u**2 + u - 2. Let d(b) = -5*b**3 + 3*b**2 - 12*b + 3. Let o(k) = -d(k) - 6*q(k). What is o(5)?
-11
Let y = -7 - -8. Let n(b) be the second derivative of -b**3/2 + b**2/2 + 3*b. Determine n(y).
-2
Let t = -1 - -3. Let p be (-1 + (-4)/(-8))*-4. Let c(h) = 5*h + 32*h**p - h**3 - 1 - 28*h**t + 3. Calculate c(5).
2
Suppose h + h + 51 = -3*b, -3*b = -2*h + 39. Let u be (b - -12)*(-2)/(-6). Let t(z) = 4*z**2 - z - 1. Determine t(u).
4
Let a(u) = u - 3. Let r be a(5). Let i(k) = 2 - k**r - 3*k + 6*k + 0*k**2. Let t = -680 - -678. Give i(t).
-8
Let d(a) = 9*a - 54. Let i = -284 - -290. What is d(i)?
0
Let d(v) be the third derivative of v**6/720 - 31*v**5/120 + 17*v**4/8 + 2*v**2 - 18. Let m(i) be the second derivative of d(i). Determine m(0).
-31
Let f = 11 - 12. Suppose 0 = 2*g - 5*i + 3, 5*i = -5*g + 12 - 2. Let r(t) = 1. Let x(d) = -d + 1. Let o(z) = g*x(z) - r(z). Determine o(f).
1
Let y(n) = -6*n**3 + 2*n**2 - 1. Suppose -73 = -5*g + 2*p - 9, 0 = -3*g - p + 45. Suppose -49 = 3*i - 4. Let f = i + g. Give y(f).
7
Suppose 0 = -r + 3*j - 5, -2*r - j - 2*j = -17. Let y(p) = -2 + r*p - p**3 - p + 314*p**2 - 314*p**2. What is y(-3)?
16
Let p(x) = 7*x - 15. Let r(w) = 4*w - 15. Let s(g) = 4*g - 14. Let d(a) = 6*r(a) - 7*s(a). Let b(c) = 5*d(c) + 3*p(c). Calculate b(0).
-5
Let m(d) be the third derivative of -23*d**4/24 - 28*d**2 - 2. What is m(1)?
-23
Let k = 8 + -18. Let p = -7 - k. Let c(f) be the first derivative of -f**3/3 + 7*f**2/2 - 33. What is c(p)?
12
Let x(w) be the second derivative of w**3/6 + 17*w**2 + 510*w. Determine x(-16).
18
Let u(q) be the first derivative of q**2/2 + 6*q - 32. Suppose 5*k = 3*h - 2*h - 25, -h - 5 = 0. Give u(k).
0
Let j(q) = 3*q - 2*q + 8 + 2*q + 1. Let t = 35 + -41. Give j(t).
-9
Let j(u) = 7*u + 23. Let f(d) = -3*d - 11. Let a = 31 + -36. Let h(k) = a*f(k) - 2*j(k). What is h(-4)?
5
Suppose 4*r - 12 = 5*q, -15 = -0*q - 3*q - 5*r. Let y(s) = q*s - 5 + 3 - 3 + s. Let t(j) = -j + 4. Let p(i) = 4*t(i) + 3*y(i). Calculate p(7).
-6
Let g(t) = 1. Let s(b) = -1. Let q(p) = -4*g(p) - 5*s(p). Let v(d) = -d - 15. Let a(f) = 2*q(f) + v(f). Calculate a(-9).
-4
Let d(o) = 1 - o**2 + 913*o - 907*o - 5 + 2*o**2. Let f(w) = -w**2 + 5*w - 1. Let n be f(6). Determine d(n).
3
Let f be 2 + 0 + -1*8. Let k(u) = 2 - u**2 - 34*u - 3 - 3 - 40*u + 66*u. Calculate k(f).
8
Let q(w) = -2*w**2 - 26*w - 12. Let p be q(-12). Let t = p - 16. Let d(x) = x + 1. Let i(g) = g. Let y(c) = t*d(c) + 7*i(c). Determine y(3).
5
Let w(r) = -2*r**2 - 9*r + 10. Suppose -k + 8 = 3*a, -92*k + 90*k = -a + 19. What is w(k)?
-25
Let u(b) = -2*b**3 - 4*b**2 - 13*b - 3. Let k(c) = -c**3 - c**2 - 3*c. Let f(h) = 3*k(h) - u(h). Determine f(4).
-29
Let d(b) = 2*b. Let j(s) = 14*s. Let z(v) = 44*d(v) - 6*j(v). Let k be (-3)/(1 + (-5)/(-10)). Determine z(k).
-8
Let w be (-1 - -2) + -1 - -42. Let j be 264/w - (-2)/(-7). Let t(y) = 2*y**2 + y**2 - 4*y**2 - 9 + 8*y. Give t(j).
3
Let w(u) = 3*u**3 + 15*u**2 + 2*u - 50. Let r(m) = 4*m**3 + 13*m**2 + 2*m - 50. Let c(p) = 4*r(p) - 5*w(p). Give c(23).
4
Let m(x) = -2*x**3 - 4*x**2 - 4*x - 3. Let a(l) = -l + 2. Let r be a(4). Let i be m(r). Let o(j) = 3*j**2 + 3 + 6*j + j**2 - 5*j**2. What is o(i)?
8
Let f(n) = -n**2 - 11*n + 39. Let z be f(-9). Let h(o) = 6 + 55*o - z*o + 0*o**2 + 0*o**2 - 4*o**2 + o**3. Determine h(5).
21
Let z